n = -57 + 40. Let j be 3/(-2)*(1 - -5). Let r = j - n. What is the units digit of r?
8
Let j(g) = g**2 + 10*g + 11. Let k be j(-9). Suppose 32 = 6*a - k*a. What is the units digit of a?
8
Suppose 3*l - 369 = 3*p, -l + 139 = p + 2*p. What is the hundreds digit of l?
1
Suppose 3*u - z = 35, 3*u - 2*z = -1 + 32. What is the tens digit of u?
1
Let x be (-3)/5*10/(-2). Suppose 0*h - 100 = -4*b - 4*h, 0 = -x*b - h + 69. What is the tens digit of b?
2
What is the units digit of (27 - (-4 - -1)) + -2?
8
Suppose 4*r + r + 5*i - 20 = 0, 9 = 4*r - 3*i. Suppose -w = -r*w + 4. Suppose -w*q + 24 = 2*q. What is the units digit of q?
6
Let n = 14 - 11. What is the units digit of n?
3
Suppose -212 = 4*w + 4*t, 0 = -2*w - 3*t + 34 - 145. What is the units digit of (3/(-6))/(2/w)?
2
Let p(o) = o**2 - 4. Let g be p(-3). Suppose -10 = 2*d, 3*b + d - g*d - 68 = 0. What is the units digit of b?
6
What is the units digit of (82/4)/((6/(-20))/(-3))?
5
Suppose 1 = w - 2*q, -2*q + 2 = 4. Let t be 45/10 + w/(-2). Suppose -2*p + 40 = t*f, -4*f + 5*f = -p + 14. What is the tens digit of p?
1
Suppose -4*m = i - 72, -2*m + 0*i + 36 = -2*i. What is the units digit of m?
8
Let c = 58 + -16. What is the units digit of c?
2
Let n = 196 - 97. What is the units digit of n?
9
What is the units digit of 2/10 - -3147*7/105?
0
Let x be (56/21)/((-4)/18). Let t = -8 - x. What is the units digit of t?
4
Let f = 5 - -15. What is the units digit of f?
0
Let o be (6/(-9))/(1/(-6)). Suppose -c = 4*v - 14, 2*c - o*v = -2*c + 36. Suppose c*n - 5*n = 20. What is the units digit of n?
4
Suppose 6*x - 10*x + 40 = 0. What is the units digit of x?
0
Suppose -2*c + 149 = g, 4*c + c = 5*g + 395. What is the tens digit of c?
7
What is the units digit of ((-5 - -1) + 3)*-14?
4
Suppose -s = -5*s + 156. What is the tens digit of s?
3
What is the tens digit of (-2319)/(-21) - (0 - 6/(-14))?
1
Let o(r) = 6*r**2 + 16*r + 2. What is the hundreds digit of o(-9)?
3
Let i(y) = y**3 + 6*y**2 + 3*y + 9. Let j be i(-6). What is the units digit of (-61)/j - (-4)/18?
7
Suppose -3*n + 7 = -2*n. Let g(i) = -2*i**2 + 10*i + 4. Let s(p) = -3*p**2 + 15*p + 6. Let l(z) = 7*g(z) - 5*s(z). What is the tens digit of l(n)?
1
Let s(r) = -r**2 - 6*r - 5. Let k be s(-6). Let o = k - -8. Suppose -o*f + 15 = -15. What is the units digit of f?
0
Let o = -26 - -79. Suppose 0*l + 39 = 3*l - 3*a, -5*l = -a - o. What is the units digit of l?
0
Let d(u) = -u**2 - u + 4. Let o be d(0). Suppose c + 3 - o = 0. What is the units digit of c?
1
Let k = -38 + 42. Suppose -3*f - 4*p - 12 = 0, 2*f + 4*p = 2 - 14. Suppose -2*n + k*i = -26, f = -0*n + 2*n - 2*i - 32. What is the tens digit of n?
1
Let v = 154 - 97. What is the units digit of v?
7
Let r(j) = j**2 - 8*j - 2. Let w be r(9). Let l(q) = q**2 - 7*q + 6. What is the units digit of l(w)?
6
Suppose 0 = 2*f - 4*a - 192, 93 = 3*f + 4*a - 175. What is the tens digit of f?
9
Let m = 42 - 19. What is the tens digit of m?
2
Suppose -3 = 3*b + 3*q, 3*b = -2*q - 2 - 2. Let x = 3 - b. What is the units digit of x + -7 - (1 + -4)?
1
What is the units digit of (-3)/((-573)/141 + 4)?
7
Suppose 3*c - 5*c - 11 = 3*z, 1 = -2*z + 5*c. Let p be ((-2)/z)/((-2)/(-114)). Suppose 0 = -4*w + 4*a + 32, w - 4*w = 4*a - p. What is the units digit of w?
0
Let m(f) = 2*f + 16. What is the units digit of m(5)?
6
Let g be (-9)/(-27)*(2 + 4). Suppose -5*b + 12 = -g*b. What is the units digit of b?
4
Let p be (-3 + 6 + -3)/(-1). Let k(s) = s + 18. What is the units digit of k(p)?
8
What is the hundreds digit of 21*430/45 - (-4)/(-6)?
2
Suppose 5*r + 73 + 82 = 5*u, 3*u + r - 93 = 0. What is the units digit of u?
1
Suppose -2*k + 5 = -7. What is the units digit of (-2)/k + 8/6?
1
Suppose -6*d - 10 = -d. What is the units digit of ((-12)/18)/(d/18)?
6
Suppose -g = 5 - 7. What is the units digit of 1/(g/6) - -1?
4
Suppose -4*d + 524 = -0*d. What is the tens digit of d?
3
Let l = 101 - -22. What is the units digit of l?
3
Suppose -36 = -5*s - 11. Suppose x = 2*x - s. Suppose 17 + 8 = x*l. What is the units digit of l?
5
Suppose -g + 3 = -11. What is the units digit of g?
4
Suppose -4*t + 9 = -t - 3*y, -2*t + 5*y = -3. Let x = 6 - t. Suppose x*b + 13 = 3*m - 0*b, 2*b - 7 = -m. What is the units digit of m?
5
What is the units digit of 24/18*18/4?
6
Suppose l - 3 - 43 = 5*x, -4*x + 214 = 3*l. Suppose 0 = 5*k - l - 34. What is the units digit of k?
0
Let k be (-6)/(-4)*(-24)/(-18). Suppose -3*y = -k*s + 36, -4*s + 5*y - 65 = -9*s. What is the units digit of s?
5
Let l = -39 - -114. What is the tens digit of l?
7
Suppose -4*c + 296 = -5*f, -203 = -3*c - 0*c - f. Suppose 5 = -4*s + c. What is the tens digit of s?
1
Let g = -6 - -12. Suppose -5*r - 3*d = -91, -g*r + 2*r = 5*d - 78. What is the tens digit of r?
1
Suppose -5*s - 776 = 5*t + 319, 0 = -s - 4. Let u = -148 - t. Suppose -u + 19 = -4*d. What is the units digit of d?
2
Let g(o) = -o**2 - 8*o - 5. Let a be g(-5). Suppose -5*u = -20 - a. What is the units digit of u?
6
Suppose 1 = -i - 4*q - 17, 3*i - 5*q = -3. Suppose 3*c = -v - 2*v + 15, 0 = -3*c + 12. Let f = v - i. What is the units digit of f?
7
Let b(j) = 9*j**3 + 2*j**2 - 3*j + 5. What is the units digit of b(2)?
9
Suppose -135 - 2845 = -10*z. What is the units digit of z?
8
Let h(l) = l**3 + 8*l**2 - l - 4. Let d be h(-8). Suppose 2*b + 32 = 5*b - 2*r, 5*r + 45 = d*b. What is the units digit of b?
0
What is the units digit of -453*3/(-9) + -1?
0
Let c = 25 - 19. Suppose 0 = c*k - k - 30. What is the units digit of k?
6
Let h(w) = -3*w - 16. Let m be h(-12). Suppose u = 5*y + 1, -2*y + m = -5*u + 2. What is the units digit of y*(0 - (1 + 1))?
2
Let v = -73 - -250. What is the units digit of v?
7
Let x(f) = 2*f - 8. Let m be x(7). Let a be 46/14 - m/21. Suppose a*i + 4*j = -j + 31, 0 = 4*i + 2*j - 18. What is the units digit of i?
2
Let f be 50/13 - 10/(-65). Suppose 75 - 15 = -f*m. Let u = 23 + m. What is the units digit of u?
8
Let f be (-1 - 2)*2/(-3). Suppose -m = -14 + f. What is the tens digit of m?
1
What is the hundreds digit of 39/18*-3*-20?
1
Suppose -3 + 5 = 2*y. Let x(t) = -t**2 - 3. Let h(u) = 1. Let q(b) = y*h(b) - x(b). What is the tens digit of q(4)?
2
Suppose h + 1 = o - 4*h, 2*o + h = 13. Suppose n = -i + o, i - 5*n + 8 = 4*i. What is the tens digit of i?
1
Let c = 0 - 2. Let w be 1/c + 5/2. What is the units digit of w*(70/(-4))/(-5)?
7
What is the units digit of 3 + (-8)/2 - -3*43?
8
Suppose -g + o - 11 = 2*g, 3*g - 4*o + 26 = 0. Let t be 24/(-3)*(-1)/g. Let y(v) = -v**2 - 7*v - 6. What is the units digit of y(t)?
6
Let s(x) be the third derivative of x**6/120 + x**5/5 + 3*x**4/8 - 3*x**3/2 + 2*x**2. Suppose -12*o + 15*o + 33 = 0. What is the units digit of s(o)?
3
Let l = 32 - 18. Let y = 16 - l. What is the units digit of y?
2
Suppose -3*h = 3*i + 2*h - 103, -2*h = 3*i - 88. What is the tens digit of i?
2
Suppose -5*p + 61 + 39 = 0. What is the tens digit of p?
2
Let g be (15/6)/(1/22). Suppose 3*l = -1 + g. What is the units digit of l?
8
Let c(w) = w**3 + 10*w**2 + 8*w - 4. Let l be c(-9). Suppose 5*d + 2*p = 83, 0*p = -l*d + p + 86. What is the units digit of d?
7
Let i(h) = -h**3 - 14*h**2 - h - 13. What is the units digit of i(-14)?
1
Let c be (1 + 3)/(-1 + 3). Suppose -3*o - c*o - 2*u = -33, -5*u + 5 = -3*o. What is the units digit of o?
5
Suppose -5*o = 5*v - 48 - 52, -64 = -5*o + 4*v. What is the tens digit of o?
1
Let p(r) = -r**3 + 9*r**2 - r + 12. Let h be p(9). What is the units digit of -1 - 2/(-3)*h?
1
Suppose 7 - 19 = -4*g. Suppose -4*r + 57 = -0*r - c, 67 = 4*r - g*c. Suppose l - r = -0*l. What is the units digit of l?
3
Suppose -3*t - 4*c - 1 - 3 = 0, -2*t - 5*c = 12. Let a = t + 0. What is the units digit of a?
4
Let s(q) = -11*q**2 - q - 17. Let h(x) = 5*x**2 + 8. Let k(w) = 13*h(w) + 6*s(w). Let g be -3*((-8)/2)/(-2). What is the units digit of k(g)?
2
Let i = 37 + -14. What is the units digit of i?
3
Let c(o) = -4*o**3 + o**2 + 1. Let f be c(2). What is the units digit of (12/5)/(f/(-90))?
8
Let c = 57 + -54. What is the units digit of c?
3
Suppose -5*v + i + 66 = 0, -2*i - 20 = -0*v - 2*v. What is the units digit of v?
4
What is the tens digit of (147/6)/((-1)/(-2))?
4
Let z be 0/2 + 14*-1. Suppose l + 45 = -4*l. Let t = l - z. What is the units digit of t?
5
Suppose -